p - 4. What is the tens digit of l(-2)?
6
Suppose -5*x - 1728 = -3*v - 0*x, 4*x - 1701 = -3*v. What is the tens digit of v?
7
Let u be (-2)/(-8) - 69/(-12). Let r be 0 + 108/16 - 12/16. Suppose -3*v + u*v - r = 0. What is the units digit of v?
2
Let c(z) = 10*z**2 - 2*z - 56. What is the units digit of c(-15)?
4
Suppose o - 2*s + 9 = 0, 4 - 17 = 2*o - 3*s. What is the units digit of 212/4 - 0/o?
3
Let s(b) = -259*b + 201. What is the thousands digit of s(-4)?
1
Suppose 2*y = -2*y. Suppose y - 48 = 2*j. Let t = j - -42. What is the tens digit of t?
1
Let h = 7459 + -1929. What is the thousands digit of h?
5
Let l = 2244 - 1314. What is the tens digit of l?
3
Let h(z) = 2005*z + 107. What is the units digit of h(1)?
2
Let s be 18/(-15)*(-10)/3. Suppose 3*o = 5*p + 182, -2*p = 4*o - s*p - 252. Suppose 4*d = 2*u + 72, -4*u = 3*d - 3*u - o. What is the tens digit of d?
2
Suppose -10*r - r = -8173. What is the units digit of r?
3
Let a(o) be the first derivative of -o**5/120 + 3*o**4/8 + 4*o**3/3 - 5. Let u(m) be the third derivative of a(m). What is the units digit of u(4)?
5
Suppose -a + 32 = 5*j, -j = 4*a + a - 16. Suppose -4*q - j - 18 = 0. Let k(l) = -l**3 - 4*l**2 + 10*l + 13. What is the tens digit of k(q)?
2
Let z(a) = 2*a**2 - 3*a + 1. Let l be z(2). Suppose 0 = l*h - h - 6. Suppose 5*s - 30 = -h*y, -2*s - 2*y - 3*y = -12. What is the units digit of s?
6
Suppose -646*o - 32944 = -654*o. What is the thousands digit of o?
4
Let h = 24 + -44. What is the tens digit of (-1008)/h + (-4)/10?
5
Let r be (-4)/6 + 632/12. Suppose -r = -z + 3*n, -77 - 5 = -2*z - 5*n. What is the tens digit of z?
4
Suppose 12 + 13 = 5*k. Suppose -612 = -k*b + b. What is the hundreds digit of b?
1
Suppose 3*v + v = 2*f + 102, -2*f + 2 = 0. Suppose -2 = -0*q - q. Suppose q*i + v = 76. What is the tens digit of i?
2
Let u = -35 + 40. Suppose -u*o = -446 + 91. What is the units digit of o?
1
Suppose 4290 = 28*t - 7022. What is the units digit of t?
4
Let a(d) = -d**2 - 12*d - 12. Let l be a(-5). Suppose 2*k - k = l. What is the tens digit of k?
2
Let c = 2 - 0. Let r be ((-5)/c)/(4/(-8)). Suppose r*f - u - 69 = 64, 2*u + 58 = 2*f. What is the units digit of f?
6
Suppose 0 = 5*j + 2*i - 84 - 80, -2*i + 28 = j. Suppose -3*d + 5*w = -5, w - 16 = -5*d + 11. Suppose -j = -d*n + 41. What is the units digit of n?
5
Let g(h) = 326*h + 56. What is the tens digit of g(2)?
0
Suppose 3*p + 2*p = -2*l + 1504, 5*l = -5*p + 3775. What is the tens digit of l?
5
Let p(t) = t**2 + 18*t + 48. Let r = 93 - 108. What is the units digit of p(r)?
3
Let j be 1/(2247/1122*2 + -4). Suppose -4*v - 162 = -5*k + 167, 0 = -3*k + 5*v + j. What is the units digit of k?
9
Suppose -3*k = -r - 9, -3*r = 2*k - 0 - 6. Suppose f + 4 = r, -5*p - 6 = 4*f - 0*f. What is the units digit of p?
2
Let q = 435 + 212. What is the hundreds digit of q?
6
Let o = 12 + -9. Suppose v = o*v. Suppose -5*y = -n + 50, -4*n + 3*y - 32 + 147 = v. What is the units digit of n?
5
Let v(l) = 2*l**2 - 52*l - 84. What is the hundreds digit of v(39)?
9
Suppose 18264 = 4*v - 4256. What is the hundreds digit of v?
6
Let t = 1307 + -579. Suppose t = 2*y + 5*y. What is the units digit of y?
4
Let t(n) = n**2 - 3*n + 7. Let j be t(0). Suppose j*i - 48 = i. What is the units digit of i?
8
Let g(k) = k + 69. What is the tens digit of g(-15)?
5
Suppose 0*i + 3*i + 6 = 4*j, 0 = 2*j - 6. Let l(h) = -h**2 + 5*h + 3. Let x be l(5). Suppose -16 = 4*y, -s + 6*s + x = -i*y. What is the units digit of s?
1
Let s = 690 + -405. Let f = -166 + s. What is the hundreds digit of f?
1
Let p(r) = 3*r**2 + 4*r + 85. What is the units digit of p(-11)?
4
Suppose 2372 - 628 = 4*b. What is the tens digit of b?
3
Suppose -5*a - 160 = -3*k, 3*a = -3*k + 38 + 82. Let j = 22 + k. What is the tens digit of j?
6
Let m(c) = -c**2 - 7*c - 2. Let n be m(-8). Let j = 72 + n. What is the tens digit of j?
6
Let c = -1043 + 1586. Suppose -5*d - 1 = -21, 3*d = -3*o + c. What is the units digit of o?
7
Suppose l - 3*l = -n + 11, 3*n - 6 = -3*l. Suppose n*s - s = 12. Suppose -2*c - 20 = -s*c. What is the tens digit of c?
2
Let x(r) = r**2 - 48*r - 8. What is the hundreds digit of x(-11)?
6
Suppose x = 7 + 3. Suppose 2*a = -x, -3*n + 0*a = -a - 17. What is the units digit of (n/2 - -1)*10?
0
Let n = -1305 - -1872. What is the hundreds digit of n?
5
Suppose 2712 = 6*j - 4416. What is the thousands digit of j?
1
Suppose 1321 + 783 = 2*q + 4*c, 5*c = -q + 1061. What is the hundreds digit of q?
0
Suppose 1260 = 2*x + 2*n, 0 = -2*x + 3*x + 4*n - 630. What is the tens digit of x?
3
Let a(c) = -35*c - 31. What is the hundreds digit of a(-12)?
3
Let q = 40 - 20. What is the units digit of (q/(-16))/((-1)/24)?
0
Suppose 704*p - 10156 = 700*p. What is the hundreds digit of p?
5
Let x(k) = -k**3 - 3*k**2 + 4*k + 413. What is the tens digit of x(0)?
1
Suppose d - 1367 = -3*i, 7 = 4*d - 1. Suppose -5*c + 5*b + i = 0, -2*c = b - 4*b - 186. What is the units digit of c?
7
Let z(h) = -57*h + 12. Let m be z(-5). Let a = -143 + m. What is the tens digit of a?
5
Let u(r) = -14*r + 9. Let p be u(-8). Suppose -c = 5*j - 585, -3*j + 4*j + c = p. What is the tens digit of j?
1
Suppose 0 = 5*d - 4*d - 846. Suppose 12*f - d = 3*f. What is the tens digit of f?
9
Let p(g) = -g**2 + 9*g + 16. Let a be p(10). Suppose -a*x + 43 = -5*x. What is the units digit of x?
3
Suppose -10 = 2*o, 2*w + o + o = -6. What is the units digit of w?
2
Let b(q) = -8*q**3 + q**2 + q + 1. Let w be b(-1). Let g = w + -5. Suppose -5*z + 15 = 0, -5*u + 19 + 133 = g*z. What is the tens digit of u?
2
Let h = -273 + 61. Let c = h + 299. What is the units digit of c?
7
Let g be (-2)/((-2)/(-16)*1). Let p(w) = -2*w + 20. What is the units digit of p(g)?
2
Let f be 8/16 + 10/4. Suppose f*l = 8*l. Suppose l = -2*z + 2*t, -4*t - 1 = -5*z + 1. What is the units digit of z?
2
Let b(m) be the first derivative of 2*m**3 - 6*m**2 + 8*m + 5. What is the tens digit of b(4)?
5
Let h(f) = -f**3 - 2*f**2 - 4. Let l be h(-3). Suppose b + 2*b = 5*t - 253, 2*b + 252 = l*t. What is the units digit of t?
0
Let g(o) = o**2 - 2*o - 5. Let d be g(-9). Suppose 2*q = 2*w - 0*w - d, -w - q + 55 = 0. What is the tens digit of w?
5
Let n(j) = -450*j - 15. What is the hundreds digit of n(-2)?
8
Let r be ((312/16)/(-3))/(1/(-2)). Suppose 2*h - 40 - r = -o, 4*o + 5*h - 227 = 0. What is the units digit of o?
3
Suppose 4*x = 9*x - 24070. What is the tens digit of x?
1
Suppose -5*s + 7644 = 16*s. What is the tens digit of s?
6
Suppose 0 = 4*l, 4*q - 4388 = 2*l - 484. What is the tens digit of q?
7
Let q = -595 + 879. What is the hundreds digit of q?
2
Let m = -99 + 176. Let k be 51*(1/(-1) + 0). Let z = m + k. What is the tens digit of z?
2
What is the hundreds digit of 39362/22 - 60/330?
7
Let r = -125 + 186. Let y = 90 - r. What is the units digit of y?
9
Let m = 78 + -161. Let r = m + 119. Suppose 0 = -2*f + r. What is the tens digit of f?
1
What is the units digit of ((-135)/(-20))/(1/12)?
1
Suppose 0 = -2*w + 3*i - 113, -2*w + 0*i + 2*i - 108 = 0. Let d = w + 61. What is the units digit of d?
2
Suppose 5*k + 292 = -3*h, -k - 296 = 4*h - h. What is the units digit of ((-30)/9)/(6/h)?
5
Suppose 358 = -4*l + 1162. What is the units digit of l?
1
Let i be (3 - 4) + (-9)/(-3). Suppose -i*y = 4*y - 12. Suppose -y*t + 31 = 9. What is the units digit of t?
1
Let l(t) = t**2 - 12*t + 6. Let i be 4/2*64/8. What is the units digit of l(i)?
0
Let x be (2/(-3))/(6 - (-768)/(-126)). Suppose -x*b + 91 = -210. What is the units digit of b?
3
Suppose 3*g = 2*j - 6*j + 15, 0 = 3*g + 9. Suppose -6*k - j = -0*k. Let x = 37 + k. What is the tens digit of x?
3
Let n(j) = -23*j**3 + 3*j**2 + 2*j + 3. Let l be n(-2). What is the tens digit of (-1 + 9/(-15))/((-3)/l)?
0
Let w be 2 - ((-3)/(-7) + 3033/(-21)). Let z = w + -38. What is the units digit of z?
8
Let l(f) = f**3 - 7*f**2 - 6*f + 10. Let s = 8 + 12. Suppose -4 = -3*t + s. What is the units digit of l(t)?
6
Let h = 16 - 14. Let o = 22 - 20. What is the units digit of (h - o)/2 - -6?
6
Let c = -825 + 1156. What is the hundreds digit of c?
3
Let q = -77 + 90. What is the tens digit of q?
1
Let b be (-138)/(-2)*12/(-9). Suppose 0 = 8*q + 131 + 389. Let k = q - b. What is the tens digit of k?
2
Suppose -2*v - 5*w = -253, 5 = -w 